 Suppose 5*s - q*x - 73 = 0, -x - 5 - 8 = -s. List the prime factors of s.
17
Suppose 5*d - 33 = 3*p + 107, -40 = -2*d - 2*p. List the prime factors of d.
5
Suppose 5*o - 2*j + 1 = -1, 0 = -3*o + 4*j + 10. Let f = o - -23. List the prime factors of f.
3, 7
Let j be (6/(-4))/((-1)/2). Suppose 4*h - j*h - 44 = 0. Suppose -4*g - 2*u + h = 0, -g + 9 + 2 = -3*u. List the prime factors of g.
11
Let y = 14 + -29. Suppose 2*r - 46 + 4 = 0. Let g = r + y. What are the prime factors of g?
2, 3
Let g = 2 + -1. Suppose 2*b - g = 3*b + 3*i, i - 5 = -3*b. Suppose -b*v = -5 - 3. List the prime factors of v.
2
Let v(t) = -t + 12. Let a be v(6). Let z(q) = -q**2 + 9*q - 6. Let k be z(a). Suppose -s = -5*s + k. What are the prime factors of s?
3
Suppose 5*z - 4*w - 30 = 38, 5*z - 66 = 3*w. List the prime factors of (z/(-16))/(1/(-4)).
3
Suppose 3*g + k - 51 = 0, -6*k = -5*g - k + 65. Suppose -3 = 2*r + 5. Let n = g - r. List the prime factors of n.
2, 5
What are the prime factors of 238 + (-5)/((-5)/(-3))?
5, 47
Let a be 185/35 - (-6)/(-21). Let o = 9 - a. List the prime factors of o.
2
Let l(p) be the first derivative of 3 - 1/2*p**2 + 0*p. What are the prime factors of l(-3)?
3
Let b = 21 + -35. List the prime factors of (b/8)/((-1)/4).
7
List the prime factors of 506/2 + (-68)/17.
3, 83
Let n(w) = 6*w - 5. What are the prime factors of n(9)?
7
Suppose 5*y + 65 = -o, 0 = 2*y - 5 + 15. What are the prime factors of (-4)/(-3)*(-1 - o)?
2, 13
Let h = 23 - 12. Let t = 13 - h. List the prime factors of t.
2
Let w(f) = f**3 - 6*f**2 + 2*f - 7. Suppose r - 12 = -0*h - 3*h, -h + 26 = 4*r. Let s be w(r). Let v(m) = 3*m - 3. List the prime factors of v(s).
2, 3
List the prime factors of ((-52)/(-10))/(1/5).
2, 13
Suppose -2*u = 4*m - 60, 2*m = -2*u - 3*m + 64. What are the prime factors of u?
2, 11
Suppose 5*h + 5 = 30. Let a = 17 - h. Suppose 0*l = 2*l - a. List the prime factors of l.
2, 3
Let m(f) = 47*f + 14. List the prime factors of m(4).
2, 101
Let v be 0 - 1 - -1*3. Let a be (18/27)/((-2)/(-12)). Suppose -a + v = -w. List the prime factors of w.
2
Let j(g) = -g**2 + 8*g - 2. Let k be j(7). Suppose -k*n = -0*n + 25, -5*v = n - 30. List the prime factors of v.
7
Suppose 188 = 4*c + 52. Suppose y + 7 = c. Let t = -18 + y. List the prime factors of t.
3
Let i = -2 - -4. Suppose i*c = -c. Suppose 2*x - 7 + 3 = c. What are the prime factors of x?
2
List the prime factors of (57/9)/((-4)/(-12)).
19
Let a(j) = -j + 1. Let h be a(-3). List the prime factors of (1 - 2)/(h/(-28)).
7
Suppose -9*o + 171 = -45. What are the prime factors of o?
2, 3
Suppose 5*d - 4*f + 16 + 21 = 0, -4*d - 35 = -5*f. Let c = d + 10. List the prime factors of c.
5
Let k(t) be the second derivative of -t**5/20 - t**4/2 - t**3/6 + t**2 + 3*t. List the prime factors of k(-6).
2
Let z be 2 + -3 + (-26 - -3). List the prime factors of 50*4*(-3)/z.
5
Suppose o - 26 = -2*i - 1, 3*o + 4*i = 65. Let b = 21 - o. What are the prime factors of b?
2, 3
Suppose -u = -3*u + 2*y + 142, 4*u - 5*y = 283. Suppose -3*q + 0 + u = 0. Suppose h - 5*h = -q. List the prime factors of h.
2, 3
Let o = 35 + -5. List the prime factors of o.
2, 3, 5
Suppose 3*q + q = 40. List the prime factors of 54/q*(11 - 6).
3
Let a(g) = -g + 6. Let k be a(7). List the prime factors of 32/3 + k/(-3).
11
Suppose -322 - 78 = -5*m. Suppose 4*x - 3*j - m = 0, 6*x = 3*x + j + 55. What are the prime factors of x?
17
Suppose -2*n + 136 = 2*n. What are the prime factors of n?
2, 17
What are the prime factors of 4 + (-4)/2 + 78?
2, 5
Suppose 4*c = -4*y + 172, -6*y + y = 4*c - 172. What are the prime factors of c?
43
Let f(i) = i**2 - 6*i + 10. Let r be f(4). What are the prime factors of (230/20)/(1/r)?
23
Let s = 82 + -16. Suppose 4*z - s = -f, 4*f - 86 = -5*z + f. What are the prime factors of z?
2
Let c(a) = a**3 + 5*a**2 - 6*a + 5. Let n be c(-6). Let q = n - 1. Suppose i - q*i + 2 = u, -i = -4*u + 47. List the prime factors of u.
11
Suppose 5*a = -f + 290, 3*a - f = -24 + 190. List the prime factors of a.
3, 19
Let i be ((-30)/8)/(30/(-80)). Suppose -2*t = -0*t - i. List the prime factors of t.
5
Let w(g) = -8*g. List the prime factors of w(-1).
2
Let k be (1*-1)/(7/35). Let j = 16 + k. What are the prime factors of j?
11
Suppose 33 = n + 5*z, -n - 2*z + 8 = -13. What are the prime factors of n?
13
Let y(x) be the third derivative of x**4/12 + x**3/6 + 5*x**2. List the prime factors of y(7).
3, 5
Let t be 6/18 - 10/(-6). What are the prime factors of ((-8)/5)/(t/(-30))?
2, 3
Let n = -178 + 310. What are the prime factors of n?
2, 3, 11
Let y be -1 + -3 - (-3 - -2). Let g = 7 + y. Suppose 4*l = 3*l + g. What are the prime factors of l?
2
Suppose 11 = 3*o + 5, 2*o = -4*d + 20. Suppose 2*r - d*v = 22, r + 4*v + 17 = -2*r. What are the prime factors of (0 - r) + 12/2?
5
List the prime factors of 264/(-9)*429/(-52).
2, 11
Suppose 103 = -2*j + 27. Let s = j + 102. Suppose 0 = 2*r - k - 28, 3*r = -0*k - 4*k + s. What are the prime factors of r?
2
Let j(i) = i**2 + i - 19. List the prime factors of j(6).
23
Let m be 2/(-3) - 4/3. Let v be m/4 + 19/2. Suppose 2*l + v = 7*l - 4*i, i = -4*l + 24. What are the prime factors of l?
5
Let d(k) = -6*k - 3. Let i(z) = -z + 1. Let n(f) = d(f) - 4*i(f). Suppose 2*c + 2*c + 32 = 0. What are the prime factors of n(c)?
3
Suppose 9 = -6*c + 3*c. Let p(n) = -6*n. What are the prime factors of p(c)?
2, 3
Suppose c - 10 = -4*c - 5*b, -4*c + 24 = -4*b. Suppose -c + 9 = l. What are the prime factors of l?
5
Let x(r) = 2*r**3 - 4*r**2 + r - 2. Let w = 13 + -10. List the prime factors of x(w).
19
Suppose -13*d = -1026 - 1015. What are the prime factors of d?
157
Let w = 9 - 15. Let t(r) be the second derivative of -r**5/20 - 7*r**4/12 - 7*r**3/6 + 7*r**2/2 + 2*r. What are the prime factors of t(w)?
13
Let s(r) = -r**2 - r + 1. Let c(w) = 2*w - 3 + 2*w**2 + w + 0*w. Let h(a) = -c(a) - 3*s(a). What are the prime factors of h(2)?
2
Suppose -6*q - 3 = -9*q. Let w be (-1)/(1*1/1). What are the prime factors of w/(q/(-3)) - 0?
3
Let a(t) = t**2 - 9*t + 5. Let o be a(9). Suppose 3*s + 2*k - 154 = 0, 0 = -s - 3*s + o*k + 167. List the prime factors of s.
2, 3
Suppose -23 = 2*o + h + 5, 3*o + 68 = 5*h. Let y = -7 - o. List the prime factors of y.
3
Suppose 0 = n + 2*v, -2*n + 4*v + 5 = -11. Suppose -n*c = -118 - 18. List the prime factors of c.
2, 17
Let z be 0/(-2) - 8/(-4). Suppose -z = -4*x + 54. What are the prime factors of x?
2, 7
Let h(g) = -g - 12. Let s(p) = -p - 12. Let d(z) = -2*h(z) + 3*s(z). Let x be d(-6). Let f = x - -10. What are the prime factors of f?
2
Let o(f) = -f**3 + 8*f**2 + f - 2. Let u(l) be the first derivative of -l**4/4 + 4*l**3/3 - l - 2. Let n be u(3). List the prime factors of o(n).
2, 3
Let f(i) = i + 12. Let t be f(-5). Let v(z) = -z + 7. Let n be v(t). Suppose n = 2*s - 4. What are the prime factors of s?
2
Let w(q) be the second derivative of 7/6*q**3 - 1/12*q**4 + 0 + 3*q**2 + 2*q. List the prime factors of w(6).
2, 3
Let r be (21/14)/((-1)/(-12)). Suppose -5*z + 198 = r. List the prime factors of z.
2, 3
Suppose 6*v - 97 - 263 = 0. List the prime factors of v.
2, 3, 5
Let p(n) be the second derivative of n**3 - n**2 - 3*n. Let t be p(-2). Let o = 20 + t. List the prime factors of o.
2, 3
Let g = -257 + 499. List the prime factors of g.
2, 11
Suppose 0 = 3*p - 18. Suppose -5*z - 35 = -p*z. List the prime factors of z.
5, 7
What are the prime factors of -6 + (-1 + 1 - -3) - -46?
43
Let r(c) = -189*c + 4. List the prime factors of r(-2).
2, 191
Let d(k) = -k**2 + k - 1. Let m(i) = -i**3 + 4*i**2 + i - 9. Let j(h) = -2*d(h) + m(h). What are the prime factors of j(5)?
13
Let w(b) = -2*b**2 - 5*b + 7. Let u(x) = -x**2 - 3*x + 4. Let c(m) = 7*u(m) - 4*w(m). Let d be c(0). Suppose -3*f + 15 = -d*f. List the prime factors of f.
5
Let w = 53 + -22. List the prime factors of w.
31
Suppose -74 = 7*y - 1761. What are the prime factors of y?
241
Suppose 36 = 3*v - 15. Let r = 41 - v. List the prime factors of r.
2, 3
Let u(p) = p + 3. Let v(x) = -2*x - 4. Let r(l) = 4*u(l) + 3*v(l). List the prime factors of r(-8).
2
Let r(n) = -n**2 - 5*n + 1. Let l be r(-4). Suppose l*t - 37 = 13. List the prime factors of t.
2, 5
Let l(r) = -r**3 + 7*r**2 - 1. Let q be l(4). Let s = 67 - q. List the prime factors o